se -4*r = h - 866, h + 3*r - 4296 = -4*h. Suppose -2*o = -2*c + h, -1671 = 4*o + 4*c + c. Let p = -294 - o. What are the prime factors of p?
2, 5, 13
Let u(p) = -p**3 + 7*p**2 - 12*p. Let w be u(5). Let y(f) = 24*f + 40. Let x be y(w). Let i = -107 - x. List the prime factors of i.
3, 31
Let z(g) = 4*g**2 - 28*g - 124. Let h(b) = b**2 - 10*b - 42. Let f(w) = -10*h(w) + 3*z(w). What are the prime factors of f(-21)?
2, 3, 11
Let x(w) = -1 + 2 - 8*w + 3*w + 2 - 5*w**2. Let j(h) = h**2 + 1. Let g(a) = -4*j(a) - x(a). What are the prime factors of g(7)?
7, 11
Let x(g) = 115*g + 2405. Let l be x(109). Let k(m) = m**2 + 2*m - 1. Let f be k(-5). List the prime factors of 2/f + l/84.
2, 89
Let b = 581 + -583. What are the prime factors of -1 + b + (6 - 1) + 1337?
13, 103
Let r(w) = 9*w + 85. Let c be r(-9). Suppose 3*a - 40 = -5*l, 5*l - c*a = 4 + 71. What are the prime factors of l?
11
Let u(a) = -a**2 + 78*a + 62. Let f(q) = -51*q + 2. Let m be f(-1). What are the prime factors of u(m)?
19, 73
Let w = 244 - 199. Let n(f) = 25*f - 300. What are the prime factors of n(w)?
3, 5, 11
Suppose 4*z + 2*q = -30, 9*z + 15 = 5*z + q. What are the prime factors of (742/(-5) - (6 + -11))*z?
3, 239
Suppose 3*m - 2*k + 199 = 0, 3*m - 3*k + 195 = -0*k. Let y = 72 + m. Suppose -y*w - 156 = -7*w. What are the prime factors of w?
3, 13
Suppose -3*j + 2*j = -1103. Suppose -411 = -4*q - j. Let l = 246 + q. What are the prime factors of l?
73
Let r(g) = -18*g - 122. Suppose 0 = -2*p - 3*y - 25, 8*y - 4*y = 12. List the prime factors of r(p).
2, 23
Suppose -d - 11*k + 1826 = -12*k, 5502 = 3*d + 5*k. List the prime factors of d.
31, 59
Suppose -229355 + 739627 = 112*j. List the prime factors of j.
2, 17, 67
Suppose -5*v = -31 - 4. Let u be 167*4*(-4)/(-8). Suppose -3*x - o + u = 0, -200 = -2*x + v*o - 2*o. List the prime factors of x.
2, 5, 11
Let p(u) = -11*u + 15. Suppose a + 3*t + 31 = 0, -a - 43 = 2*a - t. What are the prime factors of p(a)?
191
Suppose 10*p = 229*p - 6811119. What are the prime factors of p?
3, 7, 1481
List the prime factors of (-18682)/(-4) - 72/144.
2, 5, 467
Suppose -2016 = 3*i + 5*i. Let u = i + 536. Let x = u - 141. What are the prime factors of x?
11, 13
Let d(b) = -b**2 - 14*b + 170. Let j be d(-22). Let s(c) = -c**3 + 14*c**2 + 37*c + 15. List the prime factors of s(j).
3, 19
Let w(l) = l**2 - 9*l - 31. Let c be w(20). Suppose -c = -h - 3*q, -q - 4*q = 5. Suppose -48 + h = 2*a. List the prime factors of a.
2, 3
Let k = 252 + -170. Let r = -8645 - -8733. Let i = r - k. List the prime factors of i.
2, 3
Suppose -3*z + 240 = -3*w, -z = -3*z + 4*w + 150. Suppose -77*o = -z*o + 3016. What are the prime factors of o?
13, 29
Suppose -4*r - 3*w + 1519 = 0, -r + 2*w + 391 = -w. Suppose -i + j + 346 = 0, 2*i + 4*j - 292 = r. What are the prime factors of i?
7
Suppose 725*i - 126*i - 15133776 = -18*i. What are the prime factors of i?
2, 3, 7, 73
Let z = 579 + -321. Let s(m) = -6*m**2 + 3*m - 15. Let l be s(-5). Let v = l + z. List the prime factors of v.
2, 3, 13
Suppose -57*l + 51*l = -6642. What are the prime factors of l?
3, 41
Let q be 3/1 - 27/(-1). Suppose -q = -6*a - 12. Suppose -5*g + 54 + 176 = -a*i, -4*i - 46 = -g. List the prime factors of g.
2, 23
Let h(a) = 1559*a - 245. List the prime factors of h(6).
9109
Suppose -24 = 24*a - 30*a. What are the prime factors of 1826/a + 12/(-8)?
5, 7, 13
Suppose -12*z - 229 + 865 = 0. Suppose 653 - z = 4*n. Suppose n = 2*b - 4*s, -b - 2*b - s = -225. What are the prime factors of b?
3, 5
Suppose 0 = 9*o - 19*o + 18100. What are the prime factors of o?
2, 5, 181
Let f(z) = 50*z**2 + 10*z + 25. Let v(h) = -4*h - 155. Let i be v(-38). List the prime factors of f(i).
5, 89
Let c = 7156 + 1466. What are the prime factors of c?
2, 3, 479
Let o be -1 + 0/(-5) + 25. Let x be (-2)/(o/(-4041)) - (-9)/(-12). Let l = x + -72. List the prime factors of l.
2, 3, 11
List the prime factors of -6 - ((-28)/(-21))/((-8)/109422).
3, 59, 103
What are the prime factors of (-1 - 20570)*12/3*17/(-102)?
2, 6857
What are the prime factors of (1 - 8)*(-8 + (-139150)/175)?
2, 3, 937
Suppose u = 2*q - 52150 - 8781, -5*q = -5*u - 152320. What are the prime factors of q?
30467
Let m(v) = -v - 1. Let a(l) = -21*l + 5. Let h = 27 + -31. Let z(t) = h*m(t) - a(t). What are the prime factors of z(2)?
7
Let n(h) be the first derivative of 5*h**3/3 + 3*h**2/2 + 22*h - 77. What are the prime factors of n(-4)?
2, 3, 5
Let p(i) = i**3 + 27*i**2 + 20*i - 102. What are the prime factors of p(-23)?
2, 3, 7, 37
Suppose 0 = 5*d + 5*l - 518 + 15573, -d - 3019 = -l. What are the prime factors of ((-2)/2)/(d/(-755) + -4)?
151
Let z(y) = -y**3 - 8*y**2 - 2*y + 10. Let f be z(-7). Let t = f + 198. List the prime factors of t.
173
Suppose -23*u + p = -18*u - 48703, -58444 = -6*u + p. List the prime factors of u.
3, 17, 191
Suppose -5*w + 15 = -2*w - 3*t, -2*t = 4*w - 20. Suppose w*n - 61 = 9. Let p = n + 112. What are the prime factors of p?
2, 3, 7
Let f(i) be the first derivative of 18 + 0*i - 1/2*i**2 + 9*i**3. List the prime factors of f(1).
2, 13
Suppose -2*a = 2*o - 78, -97 = -o - 2*o + 2*a. Suppose 7*r = o - 0. What are the prime factors of 60 - (r + (-4)/6*3)?
3, 19
Suppose -3377375 = -461*z - 2528270 + 26033649. List the prime factors of z.
2, 3, 9719
Suppose -5*z - 4*p = -22009 - 29605, 0 = -2*p + 12. List the prime factors of z.
2, 7, 11, 67
Let f(k) = -40*k. Let j be 9/(-3) + 7 + 41. Let l = -48 + j. List the prime factors of f(l).
2, 3, 5
Let y be 0 - (2/4 + (-26)/(-4)). Let f(a) = -6*a - 43. Let w be f(y). What are the prime factors of 24 - 27 - (-81 - w)?
7, 11
Suppose -28 + 8 = -4*v. Let t be (-1)/(6855/(-1370) + v). Suppose h - 4*d = t - 73, 5*h = d + 1024. List the prime factors of h.
5, 41
Let k(b) = 14*b - 40. Let l be k(3). Suppose -l*x = -h - 2809, -9*x - h + 7019 = -4*x. List the prime factors of x.
2, 3, 13
Let r(q) = -q**2 + 14*q + 7. Let x be r(14). Suppose 2205 + 1841 = x*w. List the prime factors of w.
2, 17
Suppose -2*k - 2660 = -2*b, 15*k = -5*b + 13*k + 6671. Let m = -43 + b. List the prime factors of m.
2, 3, 5, 43
Let r be (-6)/(-5*3/(-10)). List the prime factors of -1 + (-242*(-4 - -1) - r).
3
Suppose 0 = -38*b + 10*b - 37*b + 317785. List the prime factors of b.
4889
Suppose -2*j - 168758 = -40*j. What are the prime factors of j?
4441
Suppose -9 + 39 = 10*y. Let i(q) = 65*q - 58. What are the prime factors of i(y)?
137
Suppose -4 = 11*q - 12*q. Suppose -q*y + a = -2177, 2*y + 2*y + 2*a = 2186. Suppose -2*g = 31 - y. What are the prime factors of g?
257
Suppose -22*x + 48144 = 2*x. Suppose x = 4*n - 4*d - 226, 0 = -5*n + 3*d + 2788. List the prime factors of n.
557
Suppose -73*u - 131284 = -6*u - 924095. List the prime factors of u.
11833
Let o = -13092 + 22750. What are the prime factors of o?
2, 11, 439
Let s(q) = 3*q**3 + 11*q**2 + 3*q - 38. Let w(o) = o**3 + o**2 + o. Let y(f) = -s(f) + 4*w(f). List the prime factors of y(9).
11, 19
Let t(g) = -2*g**2 + 17*g - 2. Let w be t(5). Suppose -38*k + 2990 = -w*k. What are the prime factors of k?
2, 13, 23
Let l = -11514 - -18801. What are the prime factors of l?
3, 7, 347
Let c(b) = -27*b - 26. Let v be c(-14). Let a = 696 - v. What are the prime factors of a?
2, 43
Let f be 2/((-5)/23280*-6). Suppose 0 = -4*j - 2*m + f, 2*j + 2*m + 1178 = 5*j. What are the prime factors of j?
2, 3, 5, 13
Suppose -13*t - 185 = -666. Suppose -4972 = t*u - 41*u. What are the prime factors of u?
11, 113
Let o(v) = 1432*v**2 - 24*v - 53. What are the prime factors of o(-2)?
59, 97
Let g = 1343 + 5943. What are the prime factors of g?
2, 3643
Let p = 23654 - 13993. What are the prime factors of p?
9661
Let f(z) = -z**2 + z. Let j(v) = 2*v**3 + 23*v**2 + 4*v + 21. Let d(n) = -3*f(n) + j(n). What are the prime factors of d(-12)?
3, 11
Let f = -178 + 1389. Suppose y = -6*y + f. List the prime factors of y.
173
Let h(v) = 2*v**2 - 27*v - 9. Let g be h(14). Suppose -231 = c + g*s, 0 = -3*c + 3*s - 2*s - 741. Let l = -159 - c. What are the prime factors of l?
3, 29
Suppose 7317360 = 369*k + 1711881. What are the prime factors of k?
11, 1381
Suppose -37*g + 0*g + 419384 = 19*g. What are the prime factors of g?
7489
Let s be ((-32)/(-24))/((-12)/(-54)). List the prime factors of (-2 - -877) + (-36)/s.